5)). What is p(r)?
11
Let b(m) = -5*m + 112. Let s(z) = -15*z + 323. Let y(k) = -7*b(k) + 2*s(k). Determine y(27).
-3
Let q(i) be the second derivative of 0 + 1/2*i**3 + 8*i**2 + 8*i. What is q(-5)?
1
Let c(p) be the first derivative of p**2/2 - 29*p + 587. Calculate c(19).
-10
Let g(t) = 10*t - 13. Let c(l) = 29*l - 37. Let a(n) = -6*c(n) + 17*g(n). Suppose 5*i + x - 23 = 0, 0*i - i + 3*x - 5 = 0. Calculate a(i).
-15
Let m be -13 - 2*(-255)/15. Let g(p) = 2*p**2 - 39*p - 67. Give g(m).
-4
Let i(u) = -65*u + 28. Let r(m) = 14*m + 2. Let f(y) = i(y) + 5*r(y). Calculate f(-6).
8
Let t = 1650 + -1648. Let w(u) = 2*u - u - 2*u**2 + 0*u**2 - u**3 + 0*u. Determine w(t).
-14
Suppose 4*n = -2*d - 12, d - 4*n + 1 - 13 = 0. Let v(p) = -p**3 + 25*p - 3 - 46*p + 22*p + 10*p**2 + d - 10. Give v(10).
-3
Suppose v - 5*p + 15 = 0, 4*v + 4*p + 4 = 16. Let g be 3/(24/(-10))*(4 - v). Let h(d) = d**3 + 6*d**2 + d + 1. Calculate h(g).
21
Let z(m) = -3*m - 5. Let c(d) = -11*d + 7. Let o be c(1). Let x(l) = 2*l**2 + 25*l + 65. Let w be x(o). Calculate z(w).
4
Let f(j) = -j**3 + j**2 + 8*j - 9. Suppose 21*b - 40 + 15 = 59. Calculate f(b).
-25
Let d(j) = 13*j**3 - 5*j**2 - 50*j - 40. Let y(r) = 23*r**3 - 14*r**2 - 99*r - 78. Let l(k) = 7*d(k) - 4*y(k). What is l(23)?
32
Let q(k) = -3*k**3 - k**2 - k - 1. Suppose 22*p - 25*p = 0. Suppose 0 = 3*r - 3*z + 9, -2*z = -p*r + 5*r + 1. What is q(r)?
2
Suppose -4*c + 4*s - 17 = -7*c, 3*c + 28 = 5*s. Let g(d) be the third derivative of -3*d**6/20 - d**5/60 - d**4/12 - d**3/6 + d**2 + 2*d - 627. Give g(c).
18
Let t(p) = -10*p - 18. Let q be t(-5). Let j(r) = q*r + 8 - 4*r - 23*r - r**2. What is j(7)?
-6
Suppose -5113*t + 481 = -5076*t. Let j(w) = -w**2 + 12*w + 33. Determine j(t).
20
Let y(p) = -23*p + 272. Let k be (-609)/(-49) - -3*1/(-7). Let i be y(k). Let w(m) be the first derivative of m**3/3 + 3*m**2/2 - 4*m + 1. What is w(i)?
0
Let y(h) = -16*h - 106. Let q(n) = -33*n - 213. Let l(u) = 3*q(u) - 7*y(u). Let w be l(-8). Let i(m) = 9*m - 3*m + 13*m. What is i(w)?
-19
Let j(i) be the third derivative of -i**4/24 - 2*i**3 + 8*i**2 + 2*i + 2. Let z(w) = -w**2 - 3*w - 1. Let t be z(-5). Calculate j(t).
-1
Suppose 0 = 25*i + 5033 - 4683. Let f(t) = t**3 + 13*t**2 - 9*t + 31. What is f(i)?
-39
Let v be 2/7*-23 - (-24)/42. Let l(n) = -2*n**3 - 12*n**2 + 8*n + 8. Give l(v).
-40
Let r(x) = 2*x**3 - 37*x**2 + 164*x + 66. Let n be r(9). Let m(l) = 2*l**3 - 7*l**2 + 9*l - 15. Calculate m(n).
3
Let c(v) = 38*v - 28. Suppose -1 = s, -6*g + 11*g = -s + 19. Calculate c(g).
124
Let o(v) = -13*v**2 + 167*v + 2. Let j(h) = 14*h**2 - 195*h - 2. Let n(g) = -6*j(g) - 7*o(g). Determine n(1).
6
Let x(s) = 10*s**3 - 3*s + 4. Let f(q) = -7*q**3 + q**2 + 4*q - 5. Let b be ((-9)/2)/((-96)/64). Let y(u) = b*f(u) + 2*x(u). Determine y(4).
1
Let v(h) = 109*h**2 + 484*h - 116*h**2 - 1 - 481*h. What is v(1)?
-5
Let f(a) = a**3 - 4*a**2 + 2*a - 4. Suppose -3*b - 112 = -3*x - 5*b, x - 4*b = 56. Let h be x/140 + (-612)/(-14). Let s = h + -41. Give f(s).
-7
Suppose 2 = 2*l, 2*l - 7 = -2*w - l. Let v(m) = 2*m + 3 - 2 - w*m - m. Suppose 14*h - 20*h - 30 = 0. Calculate v(h).
6
Let p(h) = 5*h**3 + 4*h**2 - 4*h - 4. Let a(g) = 10*g**3 + 10*g**2 - 10*g - 9. Let k(f) = 3*a(f) - 7*p(f). Let c(n) = n - 6. Let q be c(7). Determine k(q).
-4
Let z be (-26 - -28)*3/2. Let a = 12 - 8. Let c(l) = -z - 10*l - l**2 + l - a*l. Give c(-13).
-3
Suppose 0 = 63*h - 69 + 6. Let l(f) = 66*f**3 + 1. Calculate l(h).
67
Let c(u) be the second derivative of -1/12*u**4 + 0*u**3 - 1 + 5/2*u**2 - 60*u. Calculate c(0).
5
Let s(w) be the first derivative of 5/2*w**2 + 1/3*w**3 - 32 - 4*w. Suppose 2*b - 2 = 2*u, -1 = b + 3. Give s(u).
-4
Let m be -8*(323/34 - 10). Let x(r) = -30*r - 5. Give x(m).
-125
Let i be (14/(-105))/(12/(-15)*1). Let t(c) be the second derivative of 0 - i*c**3 + 7/2*c**2 - 1/12*c**4 + 2*c. Calculate t(0).
7
Let u be 66/297*(-18)/1. Let o(b) = b**3 - 3*b + 5. What is o(u)?
-47
Let j be 3/(-6)*2*12/(-4). Suppose 0 = -j*m + 5*c - 18, 0 = -4*m + 5*m + c + 14. Let r(u) = -u**3 - 11*u**2 - 16. What is r(m)?
-16
Let i be ((124/(-3))/(-31))/(1/6). Let w(q) = 8*q - 5. Give w(i).
59
Let s(y) be the third derivative of -5*y**4/24 - y**3/6 - 4*y**2. Let u = -90 - -92. Suppose -b - 6*n + u = -5*n, -4*b = -5*n - 35. Determine s(b).
-26
Let h(i) = 2*i**3 - 14*i**2 + 56*i - 177. Let v be h(5). Suppose 3*l - 6 = l. Let n(o) = -o**2 + 2 - l + o**3 - 1 - o. Determine n(v).
13
Let g(x) = -13*x**2 + x + 18. Let h(k) = 11*k**2 - k - 15. Let r(f) = 6*g(f) + 7*h(f). Suppose -5*i = 4*u + 19, i + u = 6*i + 14. Give r(i).
-3
Let f(v) = 6*v**3 - 1 - 6*v - 8*v**2 + 0 - 11*v**3 - 11 + 4*v**3. Give f(-8).
36
Let g = -100 - -104. Let y(n) = 28*n - 34. Let f(x) = 13*x - 14. Let p(w) = 5*f(w) - 2*y(w). Determine p(g).
34
Let k(i) = 2*i - 2. Let y be (-1 - (-3)/2) + (-49)/(-14). Suppose -5*r - y - 9 = 2*z, 4*r + 5*z = -24. Let h be (r + -3)*(-6)/(-36)*-6. Determine k(h).
6
Let m(v) = -2*v**2 - 3*v + 4. Suppose 6*p + 6*p + 48 = 0. Let i be (p - -5)*(0 + 3 + -8). What is m(i)?
-31
Suppose -6*j + 11*j - 260 = 0. Let a = j + -32. Let w(k) = k**2 - a*k + 22*k + 2 - 1. Give w(-4).
9
Let f(a) = 2*a**2 + 0 + 4*a - 2 - 4*a**3 + 3*a**3 - 1. Suppose 0 = 27*k - 28*k - q - 4, 2*k - q = 16. Calculate f(k).
-19
Let b(s) = -13*s - 102. Let g be b(-8). Let d(j) = j**3 - 8*j**2 - 95 + j + 88 + 2*j**g. Determine d(6).
-1
Let m = -144 + 284. Suppose 5*a - m = a. Suppose -2*c + 9*c = a. Let o(d) = -d**3 + 6*d**2 - 5. What is o(c)?
20
Suppose 11*h - 84 = -4*h + h. Let d(y) = y**2 - 4*y - 12. Determine d(h).
0
Let l(k) = k**3 + 6*k**2 + 6*k. Let o be 2/6 + 40/6. Let r(g) = g**2 + 43*g + 159. Let f be r(-39). Suppose -i = t - 5*t - 11, -i + o = -f*t. Determine l(t).
8
Let p(t) = -t**2 + 11*t - 35. Suppose -162*o + 157*o + 25 = 0. Let i be p(o). Let l(c) = -3*c - 12. Give l(i).
3
Let u(t) = 16*t + 5. Let g(b) = 3*b + 1. Let m = 209 - 220. Let n(y) = m*g(y) + 2*u(y). Determine n(-8).
7
Suppose -29*s = -3*c - 24*s - 34, -2*s = -3*c - 19. Let l(t) = -171*t**2 + 3*t + 4 + 2*t + 173*t**2. Determine l(c).
7
Let p(q) = 63*q - 8. Let y(k) = 113*k + 7344. Let h be y(-65). Give p(h).
-71
Let d(t) = -9*t. Let b = 56 - -173. Let u = b + -228. Determine d(u).
-9
Let x(d) = -d**2 + 4. Let g(u) = -27*u - 25. Let j be g(6). Let t = -184 - j. What is x(t)?
-5
Let z(i) = 11*i - 6. Let u be 5 - (4/(-6))/(2/(-27)). What is z(u)?
-50
Let r(m) = 7*m**2 - 38*m**2 + 2 + 6*m + 15*m**2 + 15*m**2. What is r(-3)?
-25
Let m(l) = l**3 + l**2 + 3*l + 54. Let w be (0 - (0 + 0))/(-16 + 44 + -26). What is m(w)?
54
Let u be (-1)/((10 - 880/84) + 1/7). Let c(s) be the third derivative of -s**6/120 + s**5/20 - s**4/12 + s**3/6 - 4*s**2. Calculate c(u).
-5
Suppose -4*w + 4*q - 16 = q, 0 = -4*q. Let o(c) be the first derivative of 2*c**2 - 14 + 1/3*c**3 - 2*c. Determine o(w).
-2
Let x = 1208 - 1215. Suppose 0 = 5*b + 5 - 35. Let h(a) = 4*a - 2. Let f(q) = -15*q + 7. Let d(u) = b*f(u) + 22*h(u). Calculate d(x).
12
Let f(b) = -35*b**3 + 3*b**2 - 8*b + 17. Let m(x) = -6*x**3 + 2*x. Let i(p) = -f(p) + 6*m(p). What is i(1)?
-1
Suppose -5*a = -3*i - 196, 5*a - 245 = -2*i - 59. Let c = 36 - a. Let x(n) = 7*n + 7. Let q(t) = 6*t + 6. Let j(w) = -5*q(w) + 4*x(w). What is j(c)?
2
Let p(h) = -66*h**3 - h + 1. Let i be (33/385*7)/(3/5). Determine p(i).
-66
Let b(m) = -3*m - 34. Let s = -10633 + 10620. What is b(s)?
5
Let y = -34848 + 34850. Let v(w) = 40*w - 72. Determine v(y).
8
Let j(w) be the first derivative of w**4/4 + 16*w**3/3 + 20*w**2 + 12*w + 1472. Determine j(-13).
-1
Let z = -59 - -73. Let h be (4 - 0)*7/z*1. Let v(c) = -3*c**2 - c - 2. Give v(h).
-16
Let l(n) = n**2 - 9*n + 18. Let p = 12633 - 12619. What is l(p)?
88
Let g(j) be the first derivative of 8/3*j**3 - 4*j - 3*j**2 - 1/4*j**4 + 14. Let q(f) = -f**2 - 4*f + 12. Let p be q(-5). Calculate g(p).
3
Let h(o) = 2*o**2 + 197*o + 52. Let f(c) = c**2 + 106*c + 27. Let n(z) = -11*f(z) + 6*h(z). Give n(-6).
-45
Let m(x) be the second derivative of -x**5/10 + x**4/4 - 2*x**3/3 - x**2 + 710*x. What is m(2)?
-14
Let m(h) be the third derivative of h**6/120 + 17*h**5/60 - 17*h**3/6 + 14*h**2 - 23. What is m(-17)?
-17
Let r(j) = -j - 20. Let z be r(-23). Let n(d) = -d. Let y be n(-2). Let w(s) = 2 - s - 2*s**y - s + 5